4700.
100
Calculate the greatest common factor of 110075 and 7.
7
Calculate the greatest common divisor of 584 and 20513.
73
Calculate the highest common divisor of 96 and 572000.
32
What is the highest common divisor of 7285 and 39370?
155
What is the greatest common divisor of 33826 and 572?
26
What is the greatest common factor of 50 and 370575?
25
What is the highest common divisor of 67264 and 160?
32
What is the highest common divisor of 1672 and 22287?
19
What is the highest common factor of 194 and 31622?
194
Calculate the greatest common divisor of 460 and 858015.
115
What is the greatest common divisor of 74808 and 252?
36
Calculate the greatest common divisor of 1455 and 19455.
15
Calculate the greatest common factor of 28 and 3682028.
28
What is the highest common factor of 268140 and 327?
327
What is the highest common factor of 2 and 334226?
2
Calculate the highest common divisor of 61732 and 216568.
1012
What is the greatest common factor of 291 and 4143?
3
Calculate the highest common divisor of 1630028 and 68.
68
Calculate the greatest common factor of 28600 and 352.
88
Calculate the greatest common factor of 4662 and 112.
14
What is the greatest common divisor of 14 and 490609?
7
Calculate the highest common divisor of 166504 and 208.
104
What is the greatest common factor of 408 and 408102?
102
Calculate the highest common factor of 2872 and 2248.
8
What is the highest common divisor of 62862 and 2?
2
Calculate the highest common divisor of 2500 and 3500.
500
What is the highest common factor of 41150 and 8250?
50
Calculate the highest common divisor of 4 and 29236.
4
Calculate the greatest common factor of 8 and 1336492.
4
What is the greatest common factor of 64 and 17440?
32
Calculate the highest common factor of 25458 and 24.
6
What is the greatest common divisor of 26 and 336908?
26
What is the highest common factor of 21962 and 1027?
79
Calculate the highest common divisor of 612 and 248268.
204
What is the greatest common factor of 150 and 164900?
50
Calculate the highest common divisor of 4920 and 345.
15
What is the highest common factor of 992 and 2464?
32
What is the greatest common divisor of 3984 and 120?
24
What is the highest common factor of 219 and 1168?
73
Calculate the highest common divisor of 648 and 17427312.
648
What is the greatest common divisor of 550456 and 664?
664
Calculate the greatest common factor of 20105864 and 46.
46
What is the highest common factor of 9310 and 12730?
190
What is the greatest common divisor of 811014 and 474?
474
What is the greatest common divisor of 20896 and 240?
16
What is the greatest common divisor of 3017556 and 216?
36
What is the greatest common divisor of 11267 and 893?
19
What is the greatest common factor of 72 and 252?
36
What is the highest common factor of 903 and 2849?
7
Calculate the highest common factor of 473 and 177.
1
Calculate the highest common factor of 44 and 115148.
44
What is the greatest common divisor of 12725 and 2900?
25
What is the greatest common divisor of 60 and 240590?
10
Calculate the greatest common divisor of 13626897 and 58.
29
What is the highest common divisor of 3003 and 7293?
429
Calculate the greatest common divisor of 1190 and 80206.
238
What is the highest common factor of 2534 and 304?
2
What is the highest common divisor of 24334 and 736?
46
What is the highest common factor of 573 and 1826533?
191
What is the greatest common factor of 6116 and 54349?
139
What is the highest common factor of 208 and 5272?
8
Calculate the greatest common factor of 15648 and 192.
96
What is the greatest common divisor of 870 and 81490?
290
What is the highest common factor of 3488 and 53192?
872
Calculate the highest common divisor of 55574 and 518.
74
Calculate the greatest common divisor of 6 and 25484.
2
Calculate the highest common divisor of 3051 and 27351.
27
Calculate the greatest common factor of 211405 and 5.
5
Calculate the greatest common divisor of 331 and 212171.
331
What is the greatest common factor of 35197 and 305?
61
Calculate the highest common divisor of 43039 and 193.
193
What is the highest common divisor of 261999 and 43?
43
What is the greatest common factor of 5234 and 1?
1
What is the greatest common factor of 56871 and 3?
3
Calculate the greatest common factor of 22388 and 464.
116
Calculate the highest common factor of 173 and 4311679.
173
Calculate the greatest common factor of 109732 and 2.
2
What is the highest common factor of 137462 and 442?
442
What is the greatest common divisor of 10 and 119155?
5
What is the highest common divisor of 459 and 833?
17
What is the highest common factor of 21212 and 36?
4
Calculate the highest common factor of 83176 and 3034.
74
What is the greatest common factor of 514934 and 14?
14
What is the highest common factor of 502 and 154114?
502
Calculate the greatest common factor of 324 and 711.
9
Calculate the highest common divisor of 2947 and 567.
7
What is the highest common divisor of 390 and 16510?
130
Calculate the highest common factor of 10820964 and 231.
231
What is the highest common divisor of 19272 and 11?
11
Calculate the greatest common divisor of 28 and 790559.
7
Calculate the highest common divisor of 60992 and 128.
64
Calculate the highest common divisor of 17019 and 260775.
549
What is the highest common factor of 12475932 and 24?
12
What is the highest common factor of 112 and 22484?
28
Calculate the highest common factor of 1411905 and 645.
645
What is the highest common divisor of 6 and 3144?
6
Calculate the greatest common divisor of 27163 and 92.
23
What is the greatest common factor of 13872 and 748?
68
Calculate the highest common divisor of 83 and 2582.
1
What is the highest common factor of 109 and 172111?
109
What is the highest common divisor of 117 and 22373?
13
What is the highest common factor of 6300 and 95025?
525
Calculate the highest common divisor of 8520 and 500.
20
Calculate the greatest common divisor of 4186 and 19136.
598
What is the greatest common divisor of 4698 and 12798?
162
What is the highest common factor of 263008 and 96?
32
Calculate the highest common divisor of 109249 and 5.
1
Calculate the greatest common divisor of 104754 and 1122.
102
Calculate the highest common divisor of 198 and 20911.
11
Calculate the highest common factor of 43364 and 353944.
1172
What is the greatest common divisor of 7526 and 183698?
106
What is the greatest common factor of 10 and 70790?
10
Calculate the highest common factor of 20 and 1108100.
20
Calculate the highest common factor of 12996 and 1292.
76
What is the greatest common factor of 924 and 1219152?
132
Calculate the highest common factor of 4727 and 145.
29
What is the highest common divisor of 21212 and 8?
4
What is the highest common divisor of 11220 and 96?
12
What is the highest common factor of 86741 and 2413?
127
Calculate the greatest common factor of 927 and 792.
9
Calculate the highest common divisor of 85 and 5484795.
85
What is the highest common divisor of 120 and 44840?
40
What is the greatest common divisor of 70 and 7182?
14
Calculate the greatest common factor of 684 and 1332.
36
What is the highest common divisor of 300 and 4412400?
300
Calculate the greatest common divisor of 30010 and 40.
10
What is the highest common divisor of 579900 and 100?
100
What is the greatest common factor of 70 and 53830?
70
Calculate the greatest common divisor of 4654 and 4108.
26
Calculate the highest common factor of 940 and 5225930.
470
Calculate the greatest common divisor of 40 and 3368.
8
What is the highest common divisor of 16196 and 1740?
4
What is the greatest common factor of 451 and 1980?
11
What is the greatest common divisor of 589 and 36890?
31
What is the highest common divisor of 195648 and 2592?
96
What is the highest common divisor of 595 and 12635?
35
What is the highest common divisor of 6462 and 162627?
1077
Calculate the highest common factor of 32 and 125392.
16
What is the highest common factor of 123783 and 62?
31
What is the highest common divisor of 22488 and 48?
24
What is the greatest common divisor of 34 and 1078157?
17
Calculate the highest common factor of 58685 and 11.
11
What is the greatest common divisor of 4800 and 192800?
800
What is the greatest c